 when 4343814 is divided by 4343618?
196
Calculate the remainder when 3073170 is divided by 2600.
2570
Calculate the remainder when 219435 is divided by 52.
47
Calculate the remainder when 180051359 is divided by 282.
281
Calculate the remainder when 856775 is divided by 21419.
15
What is the remainder when 3348884 is divided by 209304?
20
Calculate the remainder when 6573759 is divided by 13898.
5
What is the remainder when 465764 is divided by 6557?
217
What is the remainder when 2024281 is divided by 53?
52
Calculate the remainder when 1905220 is divided by 36.
28
What is the remainder when 516327 is divided by 929?
732
Calculate the remainder when 566444 is divided by 282.
188
Calculate the remainder when 210264 is divided by 23334.
258
What is the remainder when 14456272 is divided by 99?
94
Calculate the remainder when 15947322 is divided by 2860.
2822
What is the remainder when 5126955 is divided by 569635?
240
Calculate the remainder when 580669 is divided by 26.
11
Calculate the remainder when 1317343 is divided by 1785.
13
Calculate the remainder when 1909504 is divided by 495.
289
Calculate the remainder when 184589 is divided by 15357.
305
What is the remainder when 234547 is divided by 19542?
43
What is the remainder when 32897574 is divided by 27?
18
What is the remainder when 16842777 is divided by 685?
682
What is the remainder when 26510 is divided by 1232?
638
What is the remainder when 5109119 is divided by 1702972?
203
What is the remainder when 17252541 is divided by 64?
61
Calculate the remainder when 20674254 is divided by 2152.
2142
What is the remainder when 7872692 is divided by 76?
4
What is the remainder when 651515 is divided by 12056?
491
What is the remainder when 1535371 is divided by 674?
673
Calculate the remainder when 248460 is divided by 2199.
2172
Calculate the remainder when 5313356 is divided by 1490.
16
What is the remainder when 4533182 is divided by 19?
10
What is the remainder when 3039921 is divided by 276353?
38
Calculate the remainder when 22940 is divided by 6921.
2177
What is the remainder when 2418652 is divided by 120919?
272
Calculate the remainder when 51114909 is divided by 16315.
14
Calculate the remainder when 26388 is divided by 270.
198
What is the remainder when 4272749 is divided by 484?
481
Calculate the remainder when 24523 is divided by 11468.
1587
Calculate the remainder when 1157589 is divided by 19.
14
Calculate the remainder when 29483674 is divided by 729.
727
What is the remainder when 67192197 is divided by 158?
11
Calculate the remainder when 3791757 is divided by 771.
750
What is the remainder when 252364708 is divided by 2054?
2052
What is the remainder when 136407260 is divided by 13106?
12
Calculate the remainder when 40513834 is divided by 3498.
3496
What is the remainder when 268575 is divided by 2067?
1932
What is the remainder when 18972612 is divided by 123?
108
Calculate the remainder when 2341173 is divided by 780387.
12
Calculate the remainder when 9109151 is divided by 82.
17
Calculate the remainder when 1734307 is divided by 5040.
547
Calculate the remainder when 500402413 is divided by 16.
13
Calculate the remainder when 114362 is divided by 4986.
4670
What is the remainder when 26378 is divided by 5147?
643
What is the remainder when 920385 is divided by 53?
40
What is the remainder when 1230368 is divided by 1778?
1770
What is the remainder when 73714786 is divided by 213666?
16
What is the remainder when 3870057 is divided by 40?
17
Calculate the remainder when 1314069 is divided by 1314059.
10
What is the remainder when 525047 is divided by 5?
2
Calculate the remainder when 158808 is divided by 893.
747
Calculate the remainder when 361632627 is divided by 574.
573
Calculate the remainder when 33582173 is divided by 55.
53
What is the remainder when 13234209 is divided by 1654273?
25
Calculate the remainder when 435474041 is divided by 33498003.
2
What is the remainder when 2175451 is divided by 90643?
19
Calculate the remainder when 1482100234 is divided by 55.
54
Calculate the remainder when 707888 is divided by 319.
27
Calculate the remainder when 753934 is divided by 737.
720
Calculate the remainder when 204566 is divided by 17042.
62
Calculate the remainder when 354377832 is divided by 95.
92
Calculate the remainder when 15610129 is divided by 3500.
129
Calculate the remainder when 20097790 is divided by 264.
262
What is the remainder when 73019 is divided by 17241?
4055
Calculate the remainder when 12533994 is divided by 895279.
88
Calculate the remainder when 382582959 is divided by 2960.
2959
Calculate the remainder when 1562322 is divided by 260385.
12
What is the remainder when 160977 is divided by 7623?
894
Calculate the remainder when 1067665 is divided by 217.
25
What is the remainder when 13338 is divided by 4246?
600
Calculate the remainder when 141439233 is divided by 107.
106
What is the remainder when 1156801 is divided by 5?
1
What is the remainder when 4532724 is divided by 323762?
56
What is the remainder when 503885 is divided by 156?
5
What is the remainder when 5920773 is divided by 1973588?
9
Calculate the remainder when 33673 is divided by 16762.
149
Calculate the remainder when 1348 is divided by 122.
6
What is the remainder when 4984272 is divided by 89003?
104
Calculate the remainder when 182118 is divided by 178684.
3434
What is the remainder when 174126 is divided by 6681?
420
What is the remainder when 1565784 is divided by 12?
0
Calculate the remainder when 35197667 is divided by 322914.
41
What is the remainder when 124150789 is divided by 30?
19
What is the remainder when 194915 is divided by 9272?
203
Calculate the remainder when 228401036 is divided by 76133675.
11
Calculate the remainder when 87308393 is divided by 848.
9
Calculate the remainder when 12537866 is divided by 15.
11
What is the remainder when 82609753 is divided by 214?
189
What is the remainder when 2854493 is divided by 570894?
23
Calculate the remainder when 728348 is divided by 109.
10
Calculate the remainder when 392595 is divided by 228.
207
What is the remainder when 718004 is divided by 717981?
23
Calculate the remainder when 1935761 is divided by 2719.
2552
Calculate the remainder when 20247044 is divided by 507.
506
Calculate the remainder when 435899 is divided by 54432.
443
Calculate the remainder when 4689164 is divided by 4689161.
3
What is the remainder when 146640803 is divided by 254?
253
What is the remainder when 1510 is divided by 139?
120
What is the remainder when 1648212518 is divided by 3460?
3458
What is the remainder when 13821 is divided by 111?
57
Calculate the remainder when 514329 is divided by 374.
79
Calculate the remainder when 13868044 is divided by 6934013.
18
What is the remainder when 21307 is divided by 10024?
1259
Calculate the remainder when 21192 is divided by 434.
360
Calculate the remainder when 1398612 is divided by 279.
264
Calculate the remainder when 1133165 is divided by 49.
40
What is the remainder when 177296842 is divided by 29549472?
10
What is the remainder when 38151 is divided by 3635?
1801
Calculate the remainder when 1258802134 is divided by 6155.
6154
Calculate the remainder when 2579079 is divided by 4356.
327
What is the remainder when 8831054 is divided by 599?
596
Calculate the remainder when 25062 is divided by 1643.
417
What is the remainder when 119228 is divided by 37084?
7976
Calculate the remainder when 5618152 is divided by 5618138.
14
Calculate the remainder when 22445516 is divided by 19.
18
Calculate the remainder when 1923070 is divided by 1923065.
5
Calculate the remainder when 420956 is divided by 52613.
52
Calculate the remainder when 5225307 is divided by 18.
15
Calculate the remainder when 91501638 is divided by 7.
4
Calculate the remainder when 3471128 is divided by 35.
3
Calculate the remainder when 28366647 is divided by 50.
47
What is the remainder when 51147 is divided by 15848?
3603
Calculate the remainder when 108115 is divided by 17984.
211
Calculate the remainder when 2154532 is divided by 307748.
296
What is the remainder when 2443330 is divided by 74?
72
What is the remainder when 12086374 is divided by 805758?
4
What is the remainder when 3841975 is divided by 2